MONTHLY CLIMATOLOGICAL SUMMARY for SEP. 2021

NAME: Dorno   CITY: Dorno STATE: Italia
ELEV: 97 LAT: 45.1 LONG: 8.9

                            TEMPERATURE ( C), RAIN (mm), WIND SPEED (kmh)

                                               HEAT     COOL           AVG
      MEAN                                     DEG      DEG            WIND                       DOM
DAY   TEMP    HIGH   TIME     LOW    TIME      DAYS     DAYS    RAIN   SPEED    HIGH    TIME      DIR
----------------------------------------------------------------------------------------------------------------------------------------------------------
01    21.1    27.7   17:41    15.3   06:22     00.0     02.8    00.0   00.3     13.0    14:19     NNE
02    21.8    28.1   17:10    16.0   07:05     00.0     03.5    00.0   01.5     22.2    15:17     ENE
03    21.2    26.6   16:46    16.4   07:05     00.0     02.9    00.0   02.5     16.7    06:44      NE
04    20.6    26.7   16:04    14.2   07:27     00.0     02.3    00.0   00.7     13.0    16:46     NNE
05    21.9    28.0   16:45    15.9   06:03     00.0     03.6    00.0   00.8     14.8    17:33      NE
06    22.3    27.9   17:07    17.3   08:00     00.0     04.0    00.0   02.1     18.5    04:53      NE
07    21.7    27.6   15:45    14.8   07:14     00.0     03.4    00.0   00.4     13.0    15:52      NE
08    21.7    27.6   16:54    16.7   06:21     00.0     03.4    00.0   01.7     22.2    09:44      NE
09    21.5    27.5   17:14    16.7   07:01     00.0     03.2    00.0   00.8     16.7    14:45     NNE
10    21.0    26.6   17:32    15.8   07:03     00.0     02.7    00.0   00.1     07.4    15:07     NNW
11    22.0    28.7   17:16    17.4   07:41     00.0     03.7    00.6   00.6     13.0    14:27     WNW
12    21.6    28.3   17:43    15.3   07:26     00.0     03.3    00.0   00.8     13.0    15:17     NNE
13    21.7    29.3   17:26    14.4   07:23     00.0     03.4    00.0   00.3     14.8    19:57      N 
14    22.3    27.3   15:28    16.4   07:30     00.0     04.0    00.0   00.6     14.8    15:18     WSW
15    22.6    27.1   14:31    18.2   06:35     00.0     04.3    00.0   02.0     24.1    14:41     SSW
16    22.3    26.7   17:15    18.6   23:25     00.0     04.0    08.6   01.3     31.5    20:05     WSW
17    21.4    27.7   16:29    17.6   07:06     00.0     03.1    00.0   00.2     11.1    18:07     WNW
18    21.0    26.3   17:22    17.5   06:45     00.0     02.7    00.0   00.7     20.4    19:26      S 
19    18.8    23.9   11:56    13.4   00:00     00.0     00.5    04.4   04.0     31.5    12:30     NNE
20    17.3    23.7   17:13    11.0   06:13     01.0     00.0    00.0   01.2     20.4    23:26      N 
21    17.9    23.0   16:15    13.6   04:29     00.4     00.0    00.0   01.3     20.4    01:02      NE
22    17.6    23.8   16:15    11.3   07:21     00.7     00.0    00.0   00.8     14.8    17:35      NE
23    17.9    23.2   17:43    13.6   05:46     00.4     00.0    00.0   00.9     14.8    06:06      NE
24    18.2    26.4   17:50    11.5   08:07     00.1     00.0    00.0   00.5     18.5    15:29      W 
25    18.8    22.4   16:44    15.7   03:49     00.0     00.5    00.0   00.0     09.3    15:40      NW
26    18.0    19.0   00:01    17.2   20:38     00.3     00.0    19.4   01.2     27.8    16:47      N 
27    18.1    22.8   16:27    14.6   04:25     00.2     00.0    00.0   00.0     05.6    15:18     NNW
----------------------------------------------------------------------------------------------------------------------------------------------------------
20.5 (20.7)   29.3  day 13     11.0  day 20   003.1    061.3   033.0   01.0     31.5   day 19     NNE
Min <=   30: 27
Max Rain: 19.4 ON 26-09-21
Days of Rain: 4 (> .2mm) 3 (> 2mm) 0 (> 20mm)