MONTHLY CLIMATOLOGICAL SUMMARY for DEC. 2017

NAME: Dorno   CITY: Dorno STATE: Italia
ELEV: 97 LAT: 45.1 LONG: 8.9

                            TEMPERATURE ( C), RAIN (mm), WIND SPEED (kmh)

                                               HEAT     COOL           AVG
      MEAN                                     DEG      DEG            WIND                       DOM
DAY   TEMP    HIGH   TIME     LOW    TIME      DAYS     DAYS    RAIN   SPEED    HIGH    TIME      DIR
----------------------------------------------------------------------------------------------------------------------------------------------------------
01    01.0    03.8   23:54   -01.7   02:10     17.3     00.0    01.4   03.1     24.1    23:45     ESE
02    04.1    05.6   13:56    01.6   00:00     14.2     00.0    01.4   07.3     31.5    10:05      NE
03    02.1    06.8   15:20   -01.2   06:59     16.2     00.0    00.2   02.4     11.1    22:36      W 
04    02.1    07.8   14:54   -01.9   08:03     16.2     00.0    00.0   02.9     18.5    12:32     WSW
05    03.4    11.3   16:00   -01.3   08:02     14.9     00.0    00.0   01.9     18.5    01:49     WSW
06    03.4    10.2   15:48   -00.8   05:10     14.9     00.0    00.2   01.0     13.0    11:40     WSW
07    03.8    07.3   14:35    00.4   06:27     14.5     00.0    00.0   00.7     09.3    09:59     WSW
08    04.7    08.2   13:43    02.3   00:00     13.6     00.0    00.0   01.0     11.1    23:20     WSW
09    03.8    09.2   13:55   -01.5   23:30     14.5     00.0    00.2   08.0     40.7    10:52      N 
10   -00.7    00.2   14:13   -02.2   01:33     19.0     00.0    00.0   01.2     14.8    14:24     WSW
11    00.6    01.2   00:00   -00.0   00:04     17.7     00.0    04.2   00.1     07.4    15:27      W 
12    02.0    03.9   15:29    00.2   07:09     16.3     00.0    03.4   01.4     16.7    21:29      W 
13    02.2    07.4   15:21   -01.7   08:20     16.1     00.0    00.2   03.2     14.8    00:16     WSW
14    03.5    08.6   15:23    00.4   22:23     14.8     00.0    00.0   02.4     16.7    11:49     WSW
15    02.5    04.8   15:05    00.3   00:51     15.8     00.0    00.0   05.6     22.2    07:34     WSW
16    02.8    06.0   14:36    00.1   05:47     15.5     00.0    00.0   06.0     20.4    05:49      NW
17    02.7    08.3   15:07   -01.6   06:10     15.6     00.0    00.2   05.4     18.5    19:17      W 
----------------------------------------------------------------------------------------------------------------------------------------------------------
02.6 (3.0)   11.3  day 05    -02.2  day 10   267.0    000.0   011.4   03.1     40.7   day 09      W 
Min <=   30: 17
Max Rain: 4.2 ON 11-12-17
Days of Rain: 4 (> .2mm) 2 (> 2mm) 0 (> 20mm)