MONTHLY CLIMATOLOGICAL SUMMARY for FEB. 2020

NAME: Dorno   CITY: Dorno STATE: Italia
ELEV: 97 LAT: 45.1 LONG: 8.9

                            TEMPERATURE ( C), RAIN (mm), WIND SPEED (kmh)

                                               HEAT     COOL           AVG
      MEAN                                     DEG      DEG            WIND                       DOM
DAY   TEMP    HIGH   TIME     LOW    TIME      DAYS     DAYS    RAIN   SPEED    HIGH    TIME      DIR
----------------------------------------------------------------------------------------------------------------------------------------------------------
01    08.4    09.4   15:51    06.4   00:00     09.9     00.0    02.6   01.0     11.1    00:50     WNW
02    06.7    09.6   16:46    04.9   06:03     11.6     00.0    00.2   01.3     18.5    04:51      W 
03    06.8    12.5   15:11    03.7   07:52     11.5     00.0    00.2   03.0     18.5    23:58      E 
04    08.7    15.0   13:19    05.0   00:00     09.6     00.0    00.0   11.6     62.9    14:51      N 
05    07.5    13.9   12:12    00.5   07:31     10.8     00.0    00.0   13.8     61.1    14:04     NNW
06    05.3    10.8   14:40   -00.1   05:52     13.0     00.0    00.0   01.6     16.7    08:32      SE
07    05.1    12.9   16:06   -00.8   08:01     13.2     00.0    00.0   00.7     07.4    14:16      SW
08    04.9    10.2   16:19    00.9   07:31     13.4     00.0    00.0   00.1     13.0    00:08      W 
09    03.6    05.6   23:13    00.5   07:00     14.7     00.0    00.8   00.0     07.4    12:15      W 
10    06.4    10.6   16:19    04.9   03:08     11.9     00.0    02.4   00.4     11.1    23:00      SW
11    11.5    20.1   14:20    03.6   06:10     06.8     00.0    00.2   07.1     38.9    15:01      W 
12    09.6    15.7   16:04    02.3   08:03     08.7     00.0    00.0   00.8     13.0    11:45      W 
13    05.9    11.8   14:29   -00.3   08:08     12.4     00.0    00.2   01.6     20.4    21:15     ESE
14    08.5    15.8   16:14    02.4   06:56     09.8     00.0    00.0   02.5     18.5    12:19     WSW
15    07.2    13.7   16:16    00.1   07:50     11.1     00.0    00.2   00.3     09.3    14:30      W 
16    07.8    13.4   15:18    01.8   08:01     10.5     00.0    00.2   00.2     09.3    13:26      W 
17    08.9    10.3   00:02    08.3   08:10     09.4     00.0    06.2   00.3     07.4    15:43      SW
18    10.1    15.1   15:44    07.0   00:00     08.2     00.0    00.0   01.8     16.7    12:00      SW
19    07.4    13.3   16:25    02.2   06:30     10.9     00.0    00.0   02.1     18.5    10:57      SW
20    07.4    14.1   15:39    01.4   07:41     10.9     00.0    00.0   00.8     13.0    04:01      SE
----------------------------------------------------------------------------------------------------------------------------------------------------------
07.4 (7.7)   20.1  day 11    -00.8  day 07   218.3    000.0   013.2   02.6     62.9   day 05     WNW
Min <=   30: 20
Max Rain: 6.2 ON 17-02-20
Days of Rain: 4 (> .2mm) 3 (> 2mm) 0 (> 20mm)