MONTHLY CLIMATOLOGICAL SUMMARY for JUL. 2020

NAME: Dorno   CITY: Dorno STATE: Italia
ELEV: 97 LAT: 45.1 LONG: 8.9

                            TEMPERATURE ( C), RAIN (mm), WIND SPEED (kmh)

                                               HEAT     COOL           AVG
      MEAN                                     DEG      DEG            WIND                       DOM
DAY   TEMP    HIGH   TIME     LOW    TIME      DAYS     DAYS    RAIN   SPEED    HIGH    TIME      DIR
----------------------------------------------------------------------------------------------------------------------------------------------------------
01    24.8    29.3   15:00    20.7   06:17     00.0     06.5    00.0   01.9     29.6    16:18     WSW
02    24.1    30.7   16:34    18.9   06:08     00.0     05.8    01.8   01.8     40.7    20:33      W 
03    22.5    29.2   16:38    16.6   23:16     00.0     04.2    20.4   04.8     66.6    20:11     NNE
04    22.2    28.2   18:51    16.5   06:26     00.0     03.9    04.0   00.7     29.6    00:12     WNW
05    24.9    29.8   17:57    18.7   05:31     00.0     06.6    00.0   00.4     14.8    15:28     ENE
06    26.1    31.5   19:24    20.8   05:56     00.0     07.8    00.0   00.9     13.0    20:53      N 
07    23.1    26.3   00:27    19.4   06:06     00.0     04.8    00.0   08.7     44.4    01:48      NE
08    22.6    28.3   18:07    16.5   05:01     00.0     04.3    00.0   00.9     14.8    14:51      NE
09    24.0    30.0   16:40    17.9   06:04     00.0     05.7    00.0   00.2     09.3    15:39     NNW
10    25.5    30.7   16:30    19.2   06:03     00.0     07.2    00.0   00.8     16.7    21:32      NW
11    24.7    29.2   14:45    20.6   06:41     00.0     06.4    00.0   04.0     27.8    15:43     WNW
12    22.9    27.3   17:42    18.7   04:21     00.0     04.6    00.0   06.5     29.6    12:47     ENE
----------------------------------------------------------------------------------------------------------------------------------------------------------
24.0 (24.0)   31.5  day 06     16.5  day 08   000.0    067.8   026.2   02.6     66.6   day 03     NNE
Max >=  30: 4
Min <=   30: 12
Max Rain: 20.4 ON 3-07-20
Days of Rain: 3 (> .2mm) 2 (> 2mm) 1 (> 20mm)