MONTHLY CLIMATOLOGICAL SUMMARY for OCT. 2019

NAME: Dorno   CITY: Dorno STATE: Italia
ELEV: 97 LAT: 45.1 LONG: 8.9

                            TEMPERATURE ( C), RAIN (mm), WIND SPEED (kmh)

                                               HEAT     COOL           AVG
      MEAN                                     DEG      DEG            WIND                       DOM
DAY   TEMP    HIGH   TIME     LOW    TIME      DAYS     DAYS    RAIN   SPEED    HIGH    TIME      DIR
----------------------------------------------------------------------------------------------------------------------------------------------------------
06    17.5    19.5   15:35    14.9   00:00     00.8     00.0    00.0   02.8     18.5    23:31      E 
07    15.4    20.0   16:19    12.9   03:46     02.9     00.0    09.0   02.5     33.3    04:19     ENE
08    13.8    19.4   17:25    09.1   07:30     04.5     00.0    00.2   00.5     13.0    15:21      E 
09    14.5    15.4   00:07    13.9   02:05     03.8     00.0    02.4   01.7     18.5    17:28     NNE
10    14.3    18.2   17:45    11.7   09:54     04.0     00.0    00.2   01.2     14.8    14:43      W 
11    13.3    18.7   17:13    09.2   04:16     05.0     00.0    00.2   00.3     09.3    16:55     WSW
12    14.1    19.7   17:08    09.3   05:38     04.2     00.0    00.2   00.4     09.3    15:04     WSW
13    14.6    17.2   16:56    12.2   08:09     03.7     00.0    00.0   00.2     07.4    15:06      SW
14    17.2    20.9   16:39    14.7   02:30     01.1     00.0    05.2   00.5     11.1    13:00     WSW
15    17.3    18.9   18:28    15.1   00:00     01.0     00.0    45.4   07.4     42.6    12:20      E 
16    14.8    20.8   17:13    10.4   07:52     03.5     00.0    00.0   01.4     25.9    00:31     WNW
17    15.2    19.1   14:11    11.8   06:18     03.1     00.0    00.2   00.7     13.0    20:00      SW
18    15.7    16.9   13:01    14.8   08:24     02.6     00.0    02.8   00.8     13.0    21:56     ESE
19    16.3    17.8   17:27    15.2   09:08     02.0     00.0    04.8   04.4     22.2    21:44      E 
20    17.2    19.3   14:14    15.1   07:33     01.1     00.0    03.2   02.8     25.9    23:59      E 
21    17.6    19.5   19:09    15.9   08:19     00.7     00.0    69.0   07.9     42.6    04:49      E 
22    18.7    20.0   16:43    17.4   07:49     00.0     00.4    00.0   01.6     24.1    02:13     ENE
----------------------------------------------------------------------------------------------------------------------------------------------------------
15.7 (16.0)   20.9  day 14     09.1  day 08   044.0    000.4   144.8   02.2     42.6   day 15      E 
Min <=   30: 17
Max Rain: 69.0 ON 21-10-19
Days of Rain: 8 (> .2mm) 8 (> 2mm) 2 (> 20mm)