MONTHLY CLIMATOLOGICAL SUMMARY for SEP. 2020

NAME: Dorno   CITY: Dorno STATE: Italia
ELEV: 97 LAT: 45.1 LONG: 8.9

                            TEMPERATURE ( C), RAIN (mm), WIND SPEED (kmh)

                                               HEAT     COOL           AVG
      MEAN                                     DEG      DEG            WIND                       DOM
DAY   TEMP    HIGH   TIME     LOW    TIME      DAYS     DAYS    RAIN   SPEED    HIGH    TIME      DIR
----------------------------------------------------------------------------------------------------------------------------------------------------------
01    19.6    27.2   17:05    12.4   07:00     00.0     01.3    00.0   01.8     16.7    19:14      SW
02    18.9    23.0   17:07    14.8   05:05     00.0     00.6    00.4   02.5     27.8    12:18     ENE
03    20.1    27.0   17:47    13.7   06:50     00.0     01.8    00.0   00.5     11.1    16:12     NNW
04    20.9    27.7   16:54    13.9   06:50     00.0     02.6    00.0   00.6     13.0    16:58     NNW
05    22.0    29.4   16:44    14.8   07:55     00.0     03.7    00.0   00.9     14.8    19:44      NW
06    22.1    28.7   15:04    16.2   07:07     00.0     03.8    00.0   02.1     25.9    17:32     SSW
07    18.0    21.3   00:01    16.4   05:14     00.3     00.0    21.4   04.9     25.9    02:46      N 
08    21.4    26.7   16:59    16.6   07:29     00.0     03.1    00.0   01.0     18.5    14:50     NNE
09    18.6    19.6   00:07    18.6   00:00     00.0     00.3    00.0   00.0     00.0    00:00      NE
10    18.6    18.6   00:00    18.6   00:00     00.0     00.3    00.0   00.0     00.0    00:00      NE
11    18.6    18.6   00:00    18.6   00:00     00.0     00.3    00.0   00.0     00.0    00:00      NE
12    18.6    18.6   00:00    18.6   00:00     00.0     00.3    00.0   00.0     00.0    00:00      NE
13    18.7    23.2   23:23    18.6   23:21     00.0     00.4    00.0   00.0     00.0    00:00      NE
14    23.8    30.0   16:28    18.1   07:15     00.0     05.5    00.0   01.6     20.4    13:29      NE
15    23.1    29.2   16:40    17.3   07:28     00.0     04.8    00.0   00.6     18.5    13:24     NNE
16    22.9    30.1   16:38    17.1   07:01     00.0     04.6    00.0   00.5     11.1    15:27     WNW
17    22.9    30.3   16:01    16.6   07:20     00.0     04.6    00.0   00.7     13.0    14:49     NNW
----------------------------------------------------------------------------------------------------------------------------------------------------------
20.5 (20.9)   30.3  day 17     12.4  day 01   000.3    038.1   000.4   01.1     27.8   day 02     NNE
Max >=  30: 3
Min <=   30: 17
Max Rain: 21.4 ON 7-09-20
Days of Rain: 2 (> .2mm) 1 (> 2mm) 1 (> 20mm)