MONTHLY CLIMATOLOGICAL SUMMARY for AUG. 2019

NAME: Dorno   CITY: Dorno STATE: Italia
ELEV: 97 LAT: 45.1 LONG: 8.9

                            TEMPERATURE ( C), RAIN (mm), WIND SPEED (kmh)

                                               HEAT     COOL           AVG
      MEAN                                     DEG      DEG            WIND                       DOM
DAY   TEMP    HIGH   TIME     LOW    TIME      DAYS     DAYS    RAIN   SPEED    HIGH    TIME      DIR
----------------------------------------------------------------------------------------------------------------------------------------------------------
01    25.7    31.3   17:04    21.8   07:03     00.0     07.4    00.0   01.1     18.5    14:46     WSW
02    24.2    28.9   13:24    20.6   05:16     00.0     05.9    00.0   02.6     50.0    14:32      NW
03    23.7    31.0   18:38    17.3   06:33     00.0     05.4    00.0   00.8     11.1    22:48      SW
04    24.5    30.6   17:15    18.3   06:33     00.0     06.2    00.0   01.1     14.8    15:08     ENE
05    25.6    30.8   17:01    20.6   06:58     00.0     07.3    00.0   01.6     16.7    22:23      N 
06    25.7    30.4   16:44    20.8   06:34     00.0     07.4    00.0   02.9     24.1    19:50      SW
07    24.4    28.4   15:02    21.9   23:45     00.0     06.1    00.0   03.5     29.6    17:59      NE
08    25.1    30.3   18:37    21.2   03:49     00.0     06.8    00.0   00.8     14.8    17:15      N 
09    26.8    32.0   17:50    21.9   07:06     00.0     08.5    00.0   01.0     14.8    15:31     NNW
10    27.5    32.5   15:59    22.8   07:09     00.0     09.2    00.0   04.7     22.2    16:11      SW
11    27.1    32.3   16:59    22.4   06:56     00.0     08.8    00.0   02.6     20.4    15:17     ESE
12    24.6    29.6   15:59    22.1   06:02     00.0     06.3    03.0   02.5     46.3    17:27      NE
13    23.1    27.1   15:27    19.2   07:16     00.0     04.8    00.0   03.3     18.5    16:12      W 
14    22.8    27.8   16:59    16.7   07:03     00.0     04.5    00.0   02.9     18.5    12:36      N 
15    22.4    28.4   17:42    17.5   06:51     00.0     04.1    00.0   01.4     18.5    14:29     NNE
16    22.7    27.5   15:58    18.4   07:31     00.0     04.4    00.0   01.8     20.4    15:35     NNE
----------------------------------------------------------------------------------------------------------------------------------------------------------
24.8 (25.1)   32.5  day 10     16.7  day 14   000.0    103.3   003.0   02.2     50.0   day 02      NW
Max >=  30: 9
Min <=   30: 16
Max Rain: 3.0 ON 12-08-19
Days of Rain: 1 (> .2mm) 1 (> 2mm) 0 (> 20mm)