MONTHLY CLIMATOLOGICAL SUMMARY for JUN. 2018

NAME: Dorno   CITY: Dorno STATE: Italia
ELEV: 97 LAT: 45.1 LONG: 8.9

                            TEMPERATURE ( C), RAIN (mm), WIND SPEED (kmh)

                                               HEAT     COOL           AVG
      MEAN                                     DEG      DEG            WIND                       DOM
DAY   TEMP    HIGH   TIME     LOW    TIME      DAYS     DAYS    RAIN   SPEED    HIGH    TIME      DIR
----------------------------------------------------------------------------------------------------------------------------------------------------------
01    21.8    27.6   16:54    16.7   06:21     00.0     03.5    00.0   07.6     31.5    18:58     WSW
02    22.3    28.5   15:56    17.4   06:12     00.0     04.0    00.0   05.7     29.6    19:26     WSW
03    23.4    29.7   17:06    17.4   05:33     00.0     05.1    00.0   01.9     16.7    20:01     WSW
04    20.2    23.5   13:22    18.5   22:12     00.0     01.9    08.8   02.1     18.5    17:51     WSW
05    21.6    27.7   17:24    16.7   06:41     00.0     03.3    00.2   04.3     27.8    22:30     WSW
06    21.9    25.8   13:18    18.2   05:12     00.0     03.6    00.0   03.8     31.5    18:56     WSW
07    21.9    27.4   16:58    17.9   05:33     00.0     03.6    02.2   01.8     27.8    18:03     WSW
08    20.2    25.0   18:04    17.9   09:13     00.0     01.9    05.6   03.0     20.4    12:37      NE
09    22.3    28.4   15:19    17.0   06:11     00.0     04.0    00.0   05.0     31.5    18:39     WSW
10    23.8    29.2   17:30    18.9   05:57     00.0     05.5    00.0   05.8     22.2    08:59     WSW
11    23.7    29.1   16:57    18.7   06:10     00.0     05.4    00.0   01.6     18.5    00:03      SW
12    22.2    26.5   17:49    18.8   22:02     00.0     03.9    00.6   03.3     31.5    18:06     WSW
13    20.5    23.8   16:52    18.4   08:46     00.0     02.2    09.6   01.0     13.0    16:33     WNW
14    22.5    27.4   17:39    18.4   05:47     00.0     04.2    01.0   01.1     13.0    14:17     ESE
15    22.8    27.6   18:51    17.4   06:24     00.0     04.5    00.0   01.0     13.0    17:20     ESE
16    23.1    29.0   18:05    16.2   05:52     00.0     04.8    00.0   00.5     11.1    18:56      E 
17    24.8    31.3   17:32    19.2   04:51     00.0     06.5    00.0   00.4     09.3    18:46      SE
18    25.8    30.4   19:33    21.3   06:10     00.0     07.5    00.0   01.0     20.4    07:25     ENE
19    25.8    30.8   16:38    20.4   07:03     00.0     07.5    00.0   01.1     13.0    16:44      E 
20    26.8    31.0   16:47    22.8   05:05     00.0     08.5    00.0   01.0     14.8    13:58      E 
21    26.3    32.7   17:28    20.4   06:53     00.0     08.0    00.0   03.7     35.2    18:40      SW
22    25.4    31.4   13:40    20.4   00:00     00.0     07.1    00.0   06.4     31.5    20:50     SSW
23    21.9    26.4   17:44    17.6   06:08     00.0     03.6    00.0   03.2     27.8    10:22      E 
----------------------------------------------------------------------------------------------------------------------------------------------------------
23.1 (23.4)   32.7  day 21     16.2  day 16   000.0    110.4   028.0   02.9     35.2   day 21     WSW
Max >=  30: 6
Min <=   30: 23
Max Rain: 9.6 ON 13-06-18
Days of Rain: 6 (> .2mm) 4 (> 2mm) 0 (> 20mm)