MONTHLY CLIMATOLOGICAL SUMMARY for JAN. 2020

NAME: Dorno   CITY: Dorno STATE: Italia
ELEV: 97 LAT: 45.1 LONG: 8.9

                            TEMPERATURE ( C), RAIN (mm), WIND SPEED (kmh)

                                               HEAT     COOL           AVG
      MEAN                                     DEG      DEG            WIND                       DOM
DAY   TEMP    HIGH   TIME     LOW    TIME      DAYS     DAYS    RAIN   SPEED    HIGH    TIME      DIR
----------------------------------------------------------------------------------------------------------------------------------------------------------
10    04.9    08.1   16:00    02.8   02:05     13.4     00.0    00.0   00.2     09.3    09:55      SW
11    04.3    10.9   15:43   -00.9   08:22     14.0     00.0    00.4   00.4     07.4    13:53      SW
12    02.7    08.7   16:00   -02.0   08:24     15.6     00.0    00.2   00.3     09.3    14:08      SW
13   -00.1    02.2   00:01   -02.3   06:30     18.4     00.0    00.0   00.2     05.6    15:38     WSW
14    03.0    05.3   22:03    00.1   00:01     15.3     00.0    00.4   00.6     11.1    11:24      SW
15    05.3    06.0   14:19    04.5   09:48     13.0     00.0    00.0   00.4     07.4    10:27      SW
16    03.5    08.8   15:31   -01.1   07:11     14.8     00.0    00.2   00.8     11.1    03:20     WSW
17    04.3    09.9   15:51   -01.4   06:33     14.0     00.0    06.4   00.7     09.3    14:36     WSW
18    06.8    09.9   15:31    01.6   00:00     11.5     00.0    20.0   00.7     18.5    02:05     SSW
19    04.1    06.8   16:57    01.1   00:30     14.2     00.0    00.2   00.9     09.3    19:26      NW
----------------------------------------------------------------------------------------------------------------------------------------------------------
03.9 (4.0)   10.9  day 11    -02.3  day 13   144.3    000.0   029.4   00.5     18.5   day 18      SW
Min <=   30: 10
Max Rain: 20.0 ON 18-01-20
Days of Rain: 4 (> .2mm) 2 (> 2mm) 0 (> 20mm)