MONTHLY CLIMATOLOGICAL SUMMARY for JAN. 2021

NAME: Dorno   CITY: Dorno STATE: Italia
ELEV: 97 LAT: 45.1 LONG: 8.9

                            TEMPERATURE ( C), RAIN (mm), WIND SPEED (kmh)

                                               HEAT     COOL           AVG
      MEAN                                     DEG      DEG            WIND                       DOM
DAY   TEMP    HIGH   TIME     LOW    TIME      DAYS     DAYS    RAIN   SPEED    HIGH    TIME      DIR
----------------------------------------------------------------------------------------------------------------------------------------------------------
01    00.0    00.4   16:29   -00.3   00:37     18.3     00.0    05.8   00.0     05.6    22:05      W 
02    01.2    03.0   13:50    00.0   04:34     17.1     00.0    24.4   01.2     14.8    06:43     NNW
03    02.2    04.1   13:34    00.9   06:22     16.1     00.0    04.8   00.7     11.1    00:00     SSE
04    02.6    03.7   19:41    01.7   06:00     15.7     00.0    00.8   00.3     11.1    00:05      S 
05    02.7    05.0   15:27    01.6   03:11     15.6     00.0    07.0   02.0     20.4    16:53     ENE
06    02.5    04.4   16:31    00.7   22:08     15.8     00.0    03.0   00.1     07.4    06:00     SSW
07    02.4    03.7   16:05    01.4   08:32     15.9     00.0    00.0   00.0     03.7    09:25     SSW
08    01.2    05.2   15:40   -01.7   08:04     17.1     00.0    00.2   00.4     07.4    11:34      W 
09    00.3    03.0   15:35   -01.8   03:28     18.0     00.0    00.0   00.6     07.4    13:04      NW
10    00.6    04.0   13:49   -01.0   07:27     17.7     00.0    00.0   02.2     11.1    13:59     NNW
11   -00.6    03.9   16:17   -03.9   08:12     18.9     00.0    00.2   00.2     05.6    23:54     NNW
12   -00.9    04.3   16:23   -03.9   05:09     19.2     00.0    00.0   01.3     11.1    10:52     WSW
13    02.4    09.8   15:37   -02.5   03:59     15.9     00.0    00.0   02.6     13.0    14:21     WSW
14    02.0    08.0   14:10   -02.0   05:07     16.3     00.0    00.2   05.9     29.6    22:07      NE
15    02.7    05.2   13:13    00.0   00:00     15.6     00.0    00.2   00.6     16.7    15:11      NE
----------------------------------------------------------------------------------------------------------------------------------------------------------
01.4 (1.9)   09.8  day 13    -03.9  day 11   253.1    000.0   046.6   01.2     29.6   day 14     WNW
Min <=   30: 15
Max Rain: 24.4 ON 2-01-21
Days of Rain: 6 (> .2mm) 5 (> 2mm) 1 (> 20mm)