MONTHLY CLIMATOLOGICAL SUMMARY for JUL. 2021

NAME: Dorno   CITY: Dorno STATE: Italia
ELEV: 97 LAT: 45.1 LONG: 8.9

                            TEMPERATURE ( C), RAIN (mm), WIND SPEED (kmh)

                                               HEAT     COOL           AVG
      MEAN                                     DEG      DEG            WIND                       DOM
DAY   TEMP    HIGH   TIME     LOW    TIME      DAYS     DAYS    RAIN   SPEED    HIGH    TIME      DIR
----------------------------------------------------------------------------------------------------------------------------------------------------------
01    24.0    30.7   17:25    17.9   06:22     00.0     05.7    00.0   03.2     18.5    21:15     WSW
02    24.5    30.2   18:55    18.2   05:37     00.0     06.2    00.0   00.7     13.0    10:36     NNW
03    23.9    28.9   16:16    20.0   06:20     00.0     05.6    00.4   01.1     18.5    20:44     NNW
04    21.1    24.1   17:48    18.9   00:00     00.0     02.8    02.6   00.4     18.5    19:02     ESE
05    22.3    29.1   19:32    16.2   05:31     00.0     04.0    00.2   00.4     11.1    14:16     NNW
06    24.6    29.9   17:32    18.4   05:47     00.0     06.3    00.0   01.1     13.0    21:51      E 
07    24.6    31.2   17:38    18.9   06:11     00.0     06.3    00.0   02.0     33.3    18:55      NW
08    21.1    28.5   13:48    17.4   20:26     00.0     02.8    04.4   02.5     38.9    17:30     WNW
09    21.8    29.1   17:46    15.0   06:39     00.0     03.5    00.0   03.0     18.5    12:14     WSW
10    23.8    29.4   17:56    17.2   07:00     00.0     05.5    00.0   00.8     14.8    15:27      E 
11    24.5    30.2   18:12    18.2   06:14     00.0     06.2    00.0   01.5     18.5    14:42     WNW
12    24.4    29.1   18:42    19.3   06:11     00.0     06.1    00.0   01.1     13.0    14:31     WNW
13    23.9    29.9   15:19    19.1   00:00     00.0     05.6    00.0   04.1     42.6    18:04      S 
14    20.3    26.9   16:59    14.9   05:50     00.0     02.0    00.0   01.6     20.4    18:16      SW
15    21.1    25.2   16:41    17.4   05:18     00.0     02.8    00.0   00.6     16.7    16:47      NW
16    21.2    27.7   16:11    17.9   06:21     00.0     02.9    03.8   01.1     31.5    17:30     NNW
17    23.5    30.3   17:05    17.7   06:34     00.0     05.2    00.2   03.1     18.5    13:55     WSW
18    25.0    32.0   16:43    19.2   06:50     00.0     06.7    00.0   00.4     13.0    17:17     NNE
19    26.7    32.2   19:09    21.1   06:27     00.0     08.4    00.0   00.5     13.0    16:41      NE
20    26.6    33.8   17:24    19.7   06:26     00.0     08.3    00.0   01.3     18.5    18:45     SSW
21    26.3    31.4   16:39    19.7   04:56     00.0     08.0    00.0   00.2     13.0    14:58      NE
22    26.1    31.2   17:39    21.1   07:35     00.0     07.8    00.4   00.5     14.8    11:33     ENE
23    25.7    30.0   16:54    20.6   06:42     00.0     07.4    00.0   01.1     22.2    02:50     ENE
----------------------------------------------------------------------------------------------------------------------------------------------------------
23.8 (24.0)   33.8  day 20     14.9  day 14   000.0    126.1   012.0   01.4     42.6   day 08      W 
Max >=  30: 11
Min <=   30: 23
Max Rain: 4.4 ON 8-07-21
Days of Rain: 5 (> .2mm) 3 (> 2mm) 0 (> 20mm)