MONTHLY CLIMATOLOGICAL SUMMARY for JUN. 2019

NAME: Dorno   CITY: Dorno STATE: Italia
ELEV: 97 LAT: 45.1 LONG: 8.9

                            TEMPERATURE ( C), RAIN (mm), WIND SPEED (kmh)

                                               HEAT     COOL           AVG
      MEAN                                     DEG      DEG            WIND                       DOM
DAY   TEMP    HIGH   TIME     LOW    TIME      DAYS     DAYS    RAIN   SPEED    HIGH    TIME      DIR
----------------------------------------------------------------------------------------------------------------------------------------------------------
01    21.4    28.6   18:20    14.3   07:06     00.0     03.1    00.0   00.9     11.1    15:38      SW
02    23.3    30.6   16:53    15.9   06:30     00.0     05.0    00.0   01.3     18.5    20:17     SSW
03    23.7    30.9   17:23    16.7   05:55     00.0     05.4    00.0   02.8     20.4    21:01     SSW
04    23.8    30.4   17:28    18.2   06:35     00.0     05.5    00.0   03.8     20.4    23:52      SW
05    23.3    28.9   16:28    18.3   05:06     00.0     05.0    00.0   04.9     31.5    17:28      SW
06    20.9    25.7   15:52    16.3   06:05     00.0     02.6    00.0   04.6     35.2    19:43     SSW
07    21.1    26.5   17:24    14.6   06:02     00.0     02.8    00.0   01.6     18.5    23:51      NW
08    23.2    28.3   17:56    18.5   06:34     00.0     04.9    00.0   03.1     22.2    17:48      SW
09    21.0    25.2   18:12    15.8   05:55     00.0     02.7    00.0   01.9     31.5    08:05      NW
10    22.3    25.4   18:45    18.9   06:24     00.0     04.0    00.6   02.4     18.5    20:38     NNW
11    23.0    26.8   17:03    19.3   07:17     00.0     04.7    00.0   02.4     27.8    00:55      W 
12    23.1    27.5   14:41    18.2   00:00     00.0     04.8    00.0   07.1     42.6    18:07      SW
13    21.6    27.7   17:05    15.1   05:34     00.0     03.3    00.0   04.3     27.8    15:52      SW
14    22.4    29.2   17:25    14.7   06:27     00.0     04.1    00.4   01.7     16.7    14:15      NE
15    23.2    28.0   16:05    19.0   06:24     00.0     04.9    00.0   05.3     31.5    18:09      SW
16    24.1    30.4   18:23    18.2   05:57     00.0     05.8    00.0   04.8     22.2    09:33     WSW
----------------------------------------------------------------------------------------------------------------------------------------------------------
22.6 (22.6)   30.9  day 03     14.3  day 01   000.0    068.6   001.0   03.3     42.6   day 12      SW
Max >=  30: 4
Min <=   30: 16
Max Rain: 0.6 ON 10-06-19
Days of Rain: 2 (> .2mm) 0 (> 2mm) 0 (> 20mm)