MONTHLY CLIMATOLOGICAL SUMMARY for SEP. 2018

NAME: Dorno   CITY: Dorno STATE: Italia
ELEV: 97 LAT: 45.1 LONG: 8.9

                            TEMPERATURE ( C), RAIN (mm), WIND SPEED (kmh)

                                               HEAT     COOL           AVG
      MEAN                                     DEG      DEG            WIND                       DOM
DAY   TEMP    HIGH   TIME     LOW    TIME      DAYS     DAYS    RAIN   SPEED    HIGH    TIME      DIR
----------------------------------------------------------------------------------------------------------------------------------------------------------
01    18.1    21.1   18:38    16.4   06:10     00.2     00.0    17.2   02.0     20.4    13:16     NNE
02    19.0    22.0   17:25    16.8   07:13     00.0     00.7    00.4   01.5     18.5    17:12     ESE
03    20.5    25.5   18:21    16.4   07:10     00.0     02.2    00.0   01.4     16.7    14:51      W 
04    21.4    28.2   16:33    15.7   07:19     00.0     03.1    00.0   00.8     16.7    16:09     WSW
05    22.4    28.8   15:48    16.9   07:26     00.0     04.1    00.0   00.5     16.7    11:48     WSW
06    21.2    28.7   16:28    16.8   06:56     00.0     02.9    11.0   01.1     33.3    18:41      SW
07    21.1    27.2   16:51    17.3   07:36     00.0     02.8    00.2   00.7     11.1    17:53     WNW
08    22.4    28.2   16:26    17.4   07:36     00.0     04.1    00.0   00.3     14.8    12:49      E 
09    22.7    29.4   14:52    17.4   07:30     00.0     04.4    00.0   00.7     11.1    10:53      NE
10    23.4    30.1   16:51    17.9   07:50     00.0     05.1    00.0   00.8     14.8    16:12     WNW
11    24.0    30.4   16:23    18.2   07:43     00.0     05.7    00.0   00.8     11.1    16:32     NNW
12    24.1    31.6   16:29    17.8   07:05     00.0     05.8    00.0   01.0     16.7    15:52      W 
13    23.4    30.0   16:11    17.4   06:55     00.0     05.1    01.2   01.5     24.1    22:13      NW
14    23.0    29.5   16:15    18.5   06:51     00.0     04.7    00.6   01.2     20.4    17:14     WSW
15    23.3    27.8   17:37    18.8   07:21     00.0     05.0    00.0   01.8     18.5    16:23     ESE
16    23.3    28.1   16:05    19.9   05:50     00.0     05.0    00.0   01.3     14.8    16:07      E 
17    22.0    27.7   16:43    18.0   07:21     00.0     03.7    00.0   00.9     14.8    18:05      W 
18    22.9    27.8   17:23    19.8   07:47     00.0     04.6    00.0   00.6     13.0    15:02     NNW
19    22.7    29.1   16:10    17.6   07:24     00.0     04.4    00.0   00.3     13.0    16:24      NE
20    22.9    28.8   15:40    17.4   07:46     00.0     04.6    00.0   00.7     14.8    15:42     ENE
21    23.0    30.3   16:24    17.1   06:57     00.0     04.7    00.0   00.9     13.0    20:11     SSW
22    23.9    29.4   16:54    19.1   07:34     00.0     05.6    00.0   01.3     14.8    14:03      W 
----------------------------------------------------------------------------------------------------------------------------------------------------------
22.3 (22.9)   31.6  day 12     15.7  day 04   000.2    088.5   030.6   01.0     33.3   day 06     WNW
Max >=  30: 5
Min <=   30: 22
Max Rain: 17.2 ON 1-09-18
Days of Rain: 5 (> .2mm) 2 (> 2mm) 0 (> 20mm)