MONTHLY CLIMATOLOGICAL SUMMARY for MAY. 2021

NAME: Dorno   CITY: Dorno STATE: Italia
ELEV: 97 LAT: 45.1 LONG: 8.9

                            TEMPERATURE ( C), RAIN (mm), WIND SPEED (kmh)

                                               HEAT     COOL           AVG
      MEAN                                     DEG      DEG            WIND                       DOM
DAY   TEMP    HIGH   TIME     LOW    TIME      DAYS     DAYS    RAIN   SPEED    HIGH    TIME      DIR
----------------------------------------------------------------------------------------------------------------------------------------------------------
01    14.0    15.7   16:20    11.3   06:01     04.3     00.0    10.2   00.6     18.5    21:29      W 
02    14.9    21.4   16:24    10.8   06:28     03.4     00.0    00.8   03.8     35.2    20:21     WSW
03    14.7    19.3   17:11    10.5   07:31     03.6     00.0    00.2   01.0     14.8    12:33      NE
04    14.2    19.9   16:18    08.6   06:55     04.1     00.0    00.0   04.2     31.5    15:25     SSW
05    15.5    21.8   18:09    09.4   06:18     02.8     00.0    00.0   01.7     22.2    00:09      SW
06    15.8    21.3   17:01    10.5   07:18     02.5     00.0    00.0   01.6     20.4    17:57     SSW
07    17.7    25.1   16:53    11.8   06:57     00.6     00.0    00.0   03.9     25.9    20:43     NNW
08    16.3    20.8   17:25    13.0   05:26     02.0     00.0    00.0   05.7     24.1    09:39      E 
09    16.9    22.1   16:12    10.8   06:23     01.4     00.0    00.0   00.4     14.8    15:42     ENE
10    17.5    21.6   17:36    13.6   06:35     00.8     00.0    00.0   02.1     25.9    17:50      NW
11    14.3    15.2   06:11    11.9   23:34     04.0     00.0    18.4   08.2     25.9    14:51      E 
12    15.8    23.2   15:39    10.3   06:35     02.5     00.0    05.8   05.2     31.5    19:22      SW
13    16.7    23.2   17:15    11.9   06:33     01.6     00.0    00.2   03.8     33.3    18:05     WSW
----------------------------------------------------------------------------------------------------------------------------------------------------------
15.7 (16.0)   25.1  day 07     08.6  day 04   033.6    000.0   035.6   03.3     35.2   day 12      S 
Min <=   30: 13
Max Rain: 18.4 ON 11-05-21
Days of Rain: 4 (> .2mm) 3 (> 2mm) 0 (> 20mm)