MONTHLY CLIMATOLOGICAL SUMMARY for NOV. 2020

NAME: Dorno   CITY: Dorno STATE: Italia
ELEV: 97 LAT: 45.1 LONG: 8.9

                            TEMPERATURE ( C), RAIN (mm), WIND SPEED (kmh)

                                               HEAT     COOL           AVG
      MEAN                                     DEG      DEG            WIND                       DOM
DAY   TEMP    HIGH   TIME     LOW    TIME      DAYS     DAYS    RAIN   SPEED    HIGH    TIME      DIR
----------------------------------------------------------------------------------------------------------------------------------------------------------
01    09.9    11.1   15:45    08.7   07:50     08.4     00.0    00.4   00.5     11.1    01:31     WNW
02    11.0    14.1   16:24    08.8   07:50     07.3     00.0    00.2   00.8     09.3    21:45      N 
03    12.8    14.2   15:20    11.9   08:16     05.5     00.0    00.2   00.0     05.6    20:28      NE
04    13.4    14.8   14:18    10.4   00:00     04.9     00.0    03.6   00.4     05.6    22:50     ENE
05    11.2    13.6   15:57    09.1   07:32     07.1     00.0    00.4   00.4     07.4    22:55      S 
06    12.6    17.5   16:25    09.5   23:57     05.7     00.0    00.4   00.5     09.3    10:26      N 
07    09.8    14.7   14:50    06.9   00:00     08.5     00.0    00.4   00.1     07.4    12:22     WSW
08    11.7    18.6   15:27    06.5   01:30     06.6     00.0    00.0   00.2     07.4    15:10      W 
09    11.7    18.0   15:23    06.4   07:46     06.6     00.0    00.2   00.0     00.0    00:00     WSW
10    11.0    16.4   15:05    07.2   08:45     07.3     00.0    00.2   00.0     00.0    00:00     WSW
11    09.4    10.6   16:50    07.6   05:32     08.9     00.0    00.2   00.2     09.3    05:57      S 
12    10.7    12.9   13:53    08.7   23:16     07.6     00.0    00.0   00.1     07.4    15:03     SSE
13    11.0    13.3   14:52    09.2   00:01     07.3     00.0    00.0   00.1     05.6    16:17      SW
14    10.8    13.2   14:46    08.9   09:02     07.5     00.0    00.0   00.1     05.6    13:37      S 
15    11.0    12.2   12:48    10.1   00:00     07.3     00.0    00.0   00.1     07.4    07:48      SE
16    09.9    12.9   16:11    06.0   23:28     08.4     00.0    05.4   00.1     11.1    05:09      W 
17    07.1    09.3   15:37    04.6   01:26     11.2     00.0    00.2   00.1     07.4    16:03     WNW
18    07.0    09.1   15:41    04.8   00:00     11.3     00.0    00.2   00.0     07.4    11:41      W 
19    04.9    06.7   15:39    03.7   07:59     13.4     00.0    00.4   00.1     11.1    23:36      W 
20    07.7    12.7   14:56    04.0   07:19     10.6     00.0    00.0   00.6     20.4    12:27      NE
21    06.5    09.8   14:26    02.5   00:00     11.8     00.0    00.0   03.5     20.4    12:19      NE
22    04.1    10.2   16:14   -00.5   07:16     14.2     00.0    00.0   01.1     07.4    02:02      N 
23    03.8    09.2   15:15   -01.6   07:23     14.5     00.0    00.0   01.8     13.0    22:30     ENE
24    04.5    11.6   15:28    00.6   07:17     13.8     00.0    00.0   00.7     09.3    11:40      SW
25    03.4    09.8   15:46   -00.9   05:13     14.9     00.0    00.2   00.4     07.4    11:29      SW
26    02.6    10.4   15:40   -02.4   08:02     15.7     00.0    00.2   00.3     09.3    11:06      SW
27    02.1    05.2   15:54   -01.8   01:54     16.2     00.0    00.4   00.2     07.4    14:12      SW
28    04.5    06.8   15:59    01.8   03:49     13.8     00.0    00.0   00.4     11.1    22:37     WSW
29    06.5    09.3   15:18    05.3   06:04     11.8     00.0    00.0   00.5     11.1    09:16     WNW
----------------------------------------------------------------------------------------------------------------------------------------------------------
08.4 (8.7)   18.6  day 08    -02.4  day 26   288.0    000.0   013.2   00.5     20.4   day 21      W 
Min <=   30: 29
Max Rain: 5.4 ON 16-11-20
Days of Rain: 8 (> .2mm) 2 (> 2mm) 0 (> 20mm)