MONTHLY CLIMATOLOGICAL SUMMARY for DEC. 2018

NAME: Dorno   CITY: Dorno STATE: Italia
ELEV: 97 LAT: 45.1 LONG: 8.9

                            TEMPERATURE ( C), RAIN (mm), WIND SPEED (kmh)

                                               HEAT     COOL           AVG
      MEAN                                     DEG      DEG            WIND                       DOM
DAY   TEMP    HIGH   TIME     LOW    TIME      DAYS     DAYS    RAIN   SPEED    HIGH    TIME      DIR
----------------------------------------------------------------------------------------------------------------------------------------------------------
01    03.5    07.9   15:15    00.4   06:32     14.8     00.0    00.4   00.1     09.3    13:01     SSW
02    04.2    06.2   15:30    01.4   05:42     14.1     00.0    00.0   00.4     11.1    11:58     WNW
03    06.8    10.7   15:21    03.8   10:08     11.5     00.0    00.2   01.4     25.9    22:34      NW
04    07.4    14.2   15:29    03.1   05:53     10.9     00.0    00.0   01.9     18.5    12:08      W 
05    03.9    06.7   20:43    00.7   02:19     14.4     00.0    00.4   00.0     05.6    05:03      N 
06    07.0    11.1   15:39    03.9   23:32     11.3     00.0    00.2   00.1     09.3    11:27      SW
07    04.7    07.3   22:51    01.9   02:58     13.6     00.0    02.6   00.1     11.1    20:33     WNW
08    09.4    15.2   15:43    05.2   23:28     08.9     00.0    00.4   03.0     22.2    04:07     WSW
09    05.6    10.7   15:28    00.0   07:01     12.7     00.0    00.0   02.9     18.5    22:56     WSW
10    07.8    14.5   13:31    03.3   08:19     10.5     00.0    00.0   06.9     35.2    14:37     WNW
----------------------------------------------------------------------------------------------------------------------------------------------------------
06.0 (6.4)   15.2  day 08     00.0  day 09   122.7    000.0   004.2   01.7     35.2   day 10      W 
Min <=   30: 10
Max Rain: 2.6 ON 7-12-18
Days of Rain: 4 (> .2mm) 1 (> 2mm) 0 (> 20mm)