MONTHLY CLIMATOLOGICAL SUMMARY for APR. 2019

NAME: Dorno   CITY: Dorno STATE: Italia
ELEV: 97 LAT: 45.1 LONG: 8.9

                            TEMPERATURE ( C), RAIN (mm), WIND SPEED (kmh)

                                               HEAT     COOL           AVG
      MEAN                                     DEG      DEG            WIND                       DOM
DAY   TEMP    HIGH   TIME     LOW    TIME      DAYS     DAYS    RAIN   SPEED    HIGH    TIME      DIR
----------------------------------------------------------------------------------------------------------------------------------------------------------
01    13.7    21.3   16:55    04.4   07:12     04.6     00.0    00.0   01.0     18.5    16:23     ESE
02    14.0    20.5   16:06    07.1   07:37     04.3     00.0    00.0   01.9     24.1    20:17      S 
03    11.8    14.6   00:32    08.2   07:21     06.5     00.0    03.4   03.7     31.5    01:07      SE
04    11.1    14.2   12:19    08.8   00:00     07.2     00.0    04.8   08.2     42.6    04:44     ESE
05    11.4    17.8   18:07    07.1   08:25     06.9     00.0    00.0   04.8     20.4    22:09      SW
06    12.3    16.0   14:59    09.3   06:54     06.0     00.0    00.0   04.4     24.1    19:55      E 
07    10.9    12.1   00:01    09.7   00:00     07.4     00.0    02.6   05.0     20.4    00:44      E 
08    12.5    19.3   17:37    06.8   07:36     05.8     00.0    00.2   06.2     22.2    13:05      SW
09    13.3    19.5   15:33    07.6   05:36     05.0     00.0    00.0   02.6     20.4    17:18      SW
10    12.8    18.9   16:25    08.3   06:39     05.5     00.0    06.0   02.0     18.5    20:10      SW
11    12.0    13.4   17:49    10.4   05:25     06.3     00.0    07.2   03.3     20.4    15:01     ENE
12    13.3    16.2   18:48    11.6   05:17     05.0     00.0    01.8   03.6     18.5    12:51      NE
13    12.2    15.2   16:38    09.7   07:38     06.1     00.0    00.0   08.0     27.8    10:44      E 
14    08.9    10.6   00:15    07.8   11:55     09.4     00.0    02.2   10.9     33.3    01:53      NE
15    12.9    18.2   15:41    08.5   07:10     05.4     00.0    00.2   01.8     14.8    14:49      W 
16    13.2    19.6   16:57    07.7   07:35     05.1     00.0    00.0   00.6     14.8    18:50     SSE
17    15.2    22.2   17:46    08.7   07:13     03.1     00.0    00.0   00.6     11.1    16:22     SSW
18    15.6    21.1   15:48    09.3   06:38     02.7     00.0    00.0   03.3     24.1    12:31      E 
19    16.0    20.9   16:44    10.5   06:36     02.3     00.0    00.0   04.4     27.8    15:20     ENE
20    16.3    22.5   16:53    08.8   06:34     02.0     00.0    00.0   01.3     25.9    17:12      E 
21    17.3    21.2   15:24    12.1   07:13     01.0     00.0    00.0   02.0     18.5    16:09     ENE
22    15.5    18.9   15:47    12.6   06:14     02.8     00.0    00.8   09.8     33.3    22:56     ENE
23    13.6    14.5   17:04    12.2   04:59     04.7     00.0    30.0   12.5     33.3    12:57     ENE
24    15.5    18.2   17:17    13.1   04:14     02.8     00.0    02.0   04.5     33.3    18:40      SE
25    14.9    17.3   17:25    11.1   05:58     03.4     00.0    00.0   03.1     22.2    22:28     ENE
----------------------------------------------------------------------------------------------------------------------------------------------------------
13.4 (13.5)   22.5  day 20     04.4  day 01   121.3    000.0   061.2   04.4     42.6   day 23      E 
Min <=   30: 25
Max Rain: 30.0 ON 23-04-19
Days of Rain: 10 (> .2mm) 7 (> 2mm) 1 (> 20mm)