MONTHLY CLIMATOLOGICAL SUMMARY for OCT. 2017

NAME: Dorno   CITY: Dorno STATE: Italia
ELEV: 97 LAT: 45.1 LONG: 8.9

                            TEMPERATURE ( C), RAIN (mm), WIND SPEED (kmh)

                                               HEAT     COOL           AVG
      MEAN                                     DEG      DEG            WIND                       DOM
DAY   TEMP    HIGH   TIME     LOW    TIME      DAYS     DAYS    RAIN   SPEED    HIGH    TIME      DIR
----------------------------------------------------------------------------------------------------------------------------------------------------------
12    16.5    23.9   16:51    10.2   08:34     01.8     00.0    00.0   01.5     16.7    13:09     WNW
13    16.0    24.0   16:31    09.5   08:37     02.3     00.0    00.0   00.4     11.1    13:42     NNW
14    15.8    24.0   16:25    08.7   08:20     02.5     00.0    00.2   00.7     11.1    12:30      W 
15    16.2    25.0   16:35    09.8   05:05     02.1     00.0    00.2   00.8     09.3    16:35     SSW
16    15.6    25.2   16:08    08.3   05:58     02.7     00.0    00.0   00.7     11.1    11:26      SW
17    14.2    21.7   15:55    07.3   07:51     04.1     00.0    00.2   00.3     07.4    16:02      SW
18    14.0    21.7   16:12    08.4   05:58     04.3     00.0    00.2   00.9     13.0    15:12      W 
19    13.2    18.2   15:52    08.6   07:19     05.1     00.0    00.2   01.6     13.0    21:24      NE
20    13.2    14.5   17:08    12.3   09:15     05.1     00.0    00.2   00.9     13.0    21:38      E 
21    14.1    14.8   12:37    13.1   08:18     04.2     00.0    00.0   01.0     11.1    01:07      S 
----------------------------------------------------------------------------------------------------------------------------------------------------------
14.9 (15.5)   25.2  day 16     07.3  day 17   034.2    000.0   001.8   00.9     16.6   day 19     WNW
Min <=   30: 10
Max Rain: 0.2 ON 14-10-17
Days of Rain: 0 (> .2mm) 0 (> 2mm) 0 (> 20mm)