MONTHLY CLIMATOLOGICAL SUMMARY for DEC. 2019

NAME: Dorno   CITY: Dorno STATE: Italia
ELEV: 97 LAT: 45.1 LONG: 8.9

                            TEMPERATURE ( C), RAIN (mm), WIND SPEED (kmh)

                                               HEAT     COOL           AVG
      MEAN                                     DEG      DEG            WIND                       DOM
DAY   TEMP    HIGH   TIME     LOW    TIME      DAYS     DAYS    RAIN   SPEED    HIGH    TIME      DIR
----------------------------------------------------------------------------------------------------------------------------------------------------------
01    07.1    07.9   11:47    06.8   16:16     11.2     00.0    16.6   01.1     18.5    00:12      NE
02    07.2    09.7   15:40    05.5   08:06     11.1     00.0    02.6   00.8     13.0    10:25      SW
03    08.2    10.2   11:59    04.7   00:00     10.1     00.0    00.2   02.2     25.9    10:42     ENE
04    04.8    08.1   14:47    02.2   23:33     13.5     00.0    00.0   02.0     13.0    09:13      NE
05    02.8    06.9   14:57   -00.5   08:09     15.5     00.0    00.2   00.0     05.6    14:30      SE
06    02.9    05.8   16:01   -01.0   06:11     15.4     00.0    00.2   00.3     07.4    14:14     SSW
07    04.8    08.5   15:37    01.9   07:47     13.5     00.0    00.0   00.8     11.1    12:45      SW
08    06.0    07.9   15:42    04.0   00:39     12.3     00.0    00.0   00.5     07.4    15:01      SW
09    07.4    11.4   15:03    03.8   23:49     10.9     00.0    00.2   00.9     13.0    22:53      SW
10    08.7    14.1   13:58    01.6   00:00     09.6     00.0    00.2   11.4     44.4    07:37     NNW
11    02.4    05.1   13:31   -00.9   07:11     15.9     00.0    00.2   00.5     11.1    22:38      S 
----------------------------------------------------------------------------------------------------------------------------------------------------------
05.7 (5.6)   14.1  day 10    -01.0  day 06   139.0    000.0   020.4   01.9     44.4   day 10     NNW
Min <=   30: 11
Max Rain: 16.6 ON 1-12-19
Days of Rain: 3 (> .2mm) 2 (> 2mm) 0 (> 20mm)