MONTHLY CLIMATOLOGICAL SUMMARY for FEB. 2019

NAME: Dorno   CITY: Dorno STATE: Italia
ELEV: 97 LAT: 45.1 LONG: 8.9

                            TEMPERATURE ( C), RAIN (mm), WIND SPEED (kmh)

                                               HEAT     COOL           AVG
      MEAN                                     DEG      DEG            WIND                       DOM
DAY   TEMP    HIGH   TIME     LOW    TIME      DAYS     DAYS    RAIN   SPEED    HIGH    TIME      DIR
----------------------------------------------------------------------------------------------------------------------------------------------------------
01    01.4    01.8   13:39    01.2   09:08     16.9     00.0    07.8   00.1     11.1    11:05     WNW
02    02.1    03.5   13:46    01.3   00:26     16.2     00.0    22.2   02.4     14.8    03:06      SW
03    04.1    06.7   16:19    02.0   00:10     14.2     00.0    00.8   02.3     18.5    03:06      SW
04    05.5    10.4   15:39    01.7   07:22     12.8     00.0    00.0   01.6     16.7    13:34     SSW
05    03.3    09.6   16:00   -00.4   07:51     15.0     00.0    00.0   00.4     09.3    14:04      S 
06    03.1    09.9   14:34   -01.4   07:44     15.2     00.0    00.0   01.6     09.3    23:59      SW
07    02.3    06.4   16:17   -01.3   07:19     16.0     00.0    00.2   01.4     09.3    01:06     WSW
08    03.8    10.8   15:32   -00.8   06:24     14.5     00.0    00.2   00.9     07.4    08:05     WSW
09    05.0    10.9   14:59   -00.3   07:56     13.3     00.0    00.0   01.0     07.4    12:48      SW
10    06.3    07.3   00:01    05.3   05:33     12.0     00.0    00.2   00.9     25.9    23:44     WSW
11    07.7    13.2   14:15    01.9   04:57     10.6     00.0    00.0   12.0     44.4    15:19      NW
12    07.1    13.5   16:04    00.4   07:54     11.2     00.0    00.0   06.1     25.9    10:30     WSW
13    05.4    11.6   16:48   -00.2   07:48     12.9     00.0    00.0   00.9     14.8    04:16      SE
14    06.1    14.3   16:27   -00.2   07:36     12.2     00.0    00.0   01.7     13.0    13:53      SW
15    07.0    15.2   15:58    00.6   04:00     11.3     00.0    00.0   01.1     11.1    22:41     WSW
----------------------------------------------------------------------------------------------------------------------------------------------------------
04.7 (5.2)   15.2  day 15    -01.4  day 06   204.4    000.0   031.4   02.3     44.4   day 11     WSW
Min <=   30: 15
Max Rain: 22.2 ON 2-02-19
Days of Rain: 3 (> .2mm) 2 (> 2mm) 1 (> 20mm)