MONTHLY CLIMATOLOGICAL SUMMARY for AUG. 2022

NAME: Stazione mete di Dorno   CITY: Dorno STATE: Italia
ELEV: 86 LAT: 045:09:00 LONG: 0008:57:00

                            TEMPERATURE ( C), RAIN (mm), WIND SPEED (kmh)

                                               HEAT     COOL           AVG
      MEAN                                     DEG      DEG            WIND                       DOM
DAY   TEMP    HIGH   TIME     LOW    TIME      DAYS     DAYS    RAIN   SPEED    HIGH    TIME      DIR
----------------------------------------------------------------------------------------------------------------------------------------------------------
01    27.1    34.2   18:03    19.4   06:22     00.0     08.8    00.0   00.9     16.7    14:39      NW
02    27.1    31.9   17:52    21.2   05:47     00.0     08.8    00.0   04.0     38.9    09:42     ENE
03    27.1    32.9   17:15    21.0   05:38     00.0     08.8    00.0   01.0     20.4    14:05      NE
04    28.0    34.7   16:49    21.3   06:47     00.0     09.7    00.0   00.3     14.8    14:50      NE
05    28.6    35.8   15:59    22.8   04:34     00.0     10.3    00.0   01.0     18.5    18:35      W 
06    27.8    34.4   16:10    21.7   07:16     00.0     09.5    00.0   01.2     35.2    21:55     ENE
07    24.8    29.5   16:54    20.9   05:54     00.0     06.5    01.6   06.7     31.5    01:51      NE
08    24.3    30.9   18:10    17.7   07:33     00.0     06.0    00.0   01.1     25.9    00:26      N 
09    26.3    31.3   16:48    21.8   06:52     00.0     08.0    00.0   01.0     16.7    16:10     ENE
10    26.5    31.7   17:40    21.7   06:09     00.0     08.2    00.0   02.1     22.2    13:37     ENE
11    25.7    30.7   18:06    20.7   07:35     00.0     07.4    00.0   01.6     18.5    12:00     ENE
12    24.6    29.9   16:57    19.6   06:53     00.0     06.3    00.0   03.9     38.9    21:33      E 
13    23.1    29.1   18:36    17.5   07:05     00.0     04.8    00.0   04.3     31.5    00:51      NE
----------------------------------------------------------------------------------------------------------------------------------------------------------
26.2 (26.3)   35.8  day 05     17.5  day 13   000.0    103.1   001.6   02.3     38.9   day 12     ENE
Max >=  30: 10
Min <=   30: 13
Max Rain: 1.6 ON 7-08-22
Days of Rain: 1 (> .2mm) 0 (> 2mm) 0 (> 20mm)