MONTHLY CLIMATOLOGICAL SUMMARY for JUN. 2024

NAME: Dorno   CITY: Dorno STATE: Italia
ELEV: 92 LAT: 045:02:00 LONG: 0008:09:00

                            TEMPERATURE ( C), RAIN (mm), WIND SPEED (kmh)

                                               HEAT     COOL           AVG
      MEAN                                     DEG      DEG            WIND                       DOM
DAY   TEMP    HIGH   TIME     LOW    TIME      DAYS     DAYS    RAIN   SPEED    HIGH    TIME      DIR
----------------------------------------------------------------------------------------------------------------------------------------------------------
01    19.3    25.0   16:10    13.1   06:23     00.0     01.0    00.6   07.7     24.1    18:45     WSW
02    17.6    24.8   14:02    13.8   06:24     00.7     00.0    03.6   05.2     35.2    15:22     SSW
03    18.1    25.0   17:58    12.4   06:34     00.2     00.0    00.4   02.9     16.7    20:58      SW
04    20.0    25.1   17:53    16.0   05:58     00.0     01.7    00.0   05.3     24.1    14:13     SSW
05    21.0    26.8   16:48    15.9   05:47     00.0     02.7    00.0   06.2     25.9    20:12      SW
06    22.0    28.1   16:11    16.9   05:14     00.0     03.7    00.0   05.6     27.8    19:01      SW
07    22.6    28.0   17:38    18.4   06:03     00.0     04.3    00.0   06.3     22.2    00:18      SW
08    22.4    26.8   15:47    18.5   05:30     00.0     04.1    00.0   02.1     14.8    17:43     WSW
09    21.9    26.4   15:55    18.0   06:16     00.0     03.6    00.4   02.6     27.8    22:07      N 
10    21.6    26.9   14:36    16.9   07:11     00.0     03.3    00.0   08.3     37.0    16:41      SW
11    21.1    26.1   16:05    17.2   00:00     00.0     02.8    00.2   06.0     31.5    20:53     ESE
12    17.8    24.3   15:53    13.0   17:57     00.5     00.0    51.6   03.6     20.4    02:22      NE
13    18.8    24.6   19:08    14.5   05:00     00.0     00.5    18.2   03.5     16.7    15:42     ENE
14    19.7    23.7   17:12    15.3   04:39     00.0     01.4    00.0   06.7     27.8    16:52     SSW
15    21.6    25.3   16:18    19.1   04:18     00.0     03.3    00.0   06.8     29.6    14:14     SSW
16    21.7    27.5   18:18    17.2   04:31     00.0     03.4    00.0   04.2     20.4    21:48      SW
17    22.8    28.4   17:00    16.8   05:54     00.0     04.5    00.0   04.2     16.7    18:16      SW
18    24.0    29.1   16:17    18.3   05:26     00.0     05.7    00.0   02.0     14.8    12:32      N 
19    24.9    30.0   14:58    19.3   06:13     00.0     06.6    00.0   01.4     13.0    19:31      W 
20    23.7    26.2   16:34    21.1   06:10     00.0     05.4    00.2   04.3     33.3    12:10      W 
21    22.3    26.9   18:04    18.8   23:41     00.0     04.0    01.4   04.3     77.7    19:08      W 
22    21.9    28.4   15:40    17.0   06:14     00.0     03.6    00.0   07.7     25.9    21:20     WSW
23    17.5    19.3   17:18    15.3   11:51     00.8     00.0    12.4   06.9     24.1    16:38      N 
----------------------------------------------------------------------------------------------------------------------------------------------------------
21.1 (21.4)   30.0  day 19     12.4  day 03   002.2    065.6   089.0   04.9     77.7   day 21      SW
Max >=  30: 1
Min <=   30: 23
Max Rain: 51.6 ON 12-06-24
Days of Rain: 8 (> .2mm) 4 (> 2mm) 1 (> 20mm)