MONTHLY CLIMATOLOGICAL SUMMARY for NOV. 2022

NAME:    CITY:  STATE: 
ELEV:  LAT:  LONG: 

                            TEMPERATURE ( C), RAIN (mm), WIND SPEED (kmh)

                                               HEAT     COOL           AVG
      MEAN                                     DEG      DEG            WIND                       DOM
DAY   TEMP    HIGH   TIME     LOW    TIME      DAYS     DAYS    RAIN   SPEED    HIGH    TIME      DIR
----------------------------------------------------------------------------------------------------------------------------------------------------------
01    12.3    15.3   11:12    10.1   06:06     06.0     00.0    00.0   00.1     13.0    13:45     WSW
02    13.3    14.7   16:13    11.4   00:14     05.0     00.0    00.0   00.2     13.0    10:32      SW
03    14.3    16.8   14:23    13.0   07:26     04.0     00.0    00.0   01.2     22.2    22:39     ESE
04    13.2    16.9   15:14    09.8   00:00     05.1     00.0    00.0   03.2     44.4    05:02      NW
05    11.5    19.4   14:59    06.4   07:42     06.8     00.0    00.0   00.8     13.0    15:12     WSW
06    08.7    14.7   16:16    03.5   07:18     09.6     00.0    00.0   00.1     07.4    04:52     SSE
07    08.6    15.7   15:44    03.4   08:07     09.7     00.0    00.0   00.2     07.4    12:21      S 
08    11.7    15.7   13:36    08.9   00:28     06.6     00.0    00.0   00.1     11.1    13:36      W 
09    10.9    12.1   00:04    10.1   00:00     07.4     00.0    00.0   00.0     07.4    02:59     WSW
10    11.7    15.4   14:27    09.9   23:51     06.6     00.0    00.0   00.3     09.3    19:47     WSW
12    11.2    14.9   15:51    07.1   08:01     07.1     00.0    00.2   00.5     13.0    13:58     WSW
13    10.8    14.4   14:42    08.3   00:14     07.5     00.0    00.2   01.5     18.5    12:16      NE
14    09.8    11.6   15:36    06.2   00:00     08.5     00.0    00.4   00.9     16.7    06:06     NNE
15    07.5    08.7   21:15    05.3   02:51     10.8     00.0    06.6   00.2     07.4    21:46      NW
16    09.1    11.4   16:26    05.5   00:00     09.2     00.0    01.2   00.8     13.0    14:28      W 
17    07.5    10.7   15:28    03.8   05:56     10.8     00.0    00.2   00.3     09.3    09:14      W 
----------------------------------------------------------------------------------------------------------------------------------------------------------
10.8 (11.0)   19.4  day 05     03.4  day 07   120.5    000.0   040.8   00.7     44.4   day 04      W 
Min <=   30: 16
Max Rain: 6.6 ON 15-11-22
Days of Rain: 4 (> .2mm) 1 (> 2mm) 0 (> 20mm)