MONTHLY CLIMATOLOGICAL SUMMARY for MAY. 2022

NAME: Stazione mete di Dorno   CITY: Dorno STATE: Italia
ELEV: 86 LAT: 045:09:00 LONG: 0008:57:00

                            TEMPERATURE ( C), RAIN (mm), WIND SPEED (kmh)

                                               HEAT     COOL           AVG
      MEAN                                     DEG      DEG            WIND                       DOM
DAY   TEMP    HIGH   TIME     LOW    TIME      DAYS     DAYS    RAIN   SPEED    HIGH    TIME      DIR
----------------------------------------------------------------------------------------------------------------------------------------------------------
01    16.1    21.6   17:39    08.9   07:19     02.2     00.0    00.0   02.1     24.1    14:07     ENE
02    16.7    22.3   16:20    10.0   06:47     01.6     00.0    00.0   02.6     24.1    17:30      E 
03    15.6    22.0   14:31    11.1   07:22     02.7     00.0    12.6   01.5     27.8    16:42      NW
04    16.1    22.1   15:46    12.4   07:01     02.2     00.0    01.0   01.4     22.2    18:08      SW
05    13.5    16.7   15:17    11.5   06:30     04.8     00.0    02.8   05.0     31.5    16:26     NNE
06    12.8    13.7   18:50    12.0   05:05     05.5     00.0    22.2   10.0     27.8    05:19     NNE
07    15.3    18.5   15:26    12.3   06:20     03.0     00.0    00.4   02.1     14.8    18:52      NE
08    16.8    20.9   15:30    13.5   06:38     01.5     00.0    04.2   01.0     24.1    15:45     NNE
09    18.7    24.0   19:08    13.1   06:23     00.0     00.4    00.0   00.7     16.7    13:54     ENE
10    19.9    27.0   18:16    12.9   06:26     00.0     01.6    00.0   00.6     14.8    21:37      SW
11    21.3    28.4   16:33    14.2   06:18     00.0     03.0    00.0   02.8     29.6    19:47     SSW
12    20.7    26.9   15:09    15.6   06:11     00.0     02.4    00.0   06.1     27.8    19:19      SW
13    20.4    27.1   15:45    14.9   06:12     00.0     02.1    00.0   04.4     25.9    22:08      SW
14    21.1    28.4   17:59    15.1   05:12     00.0     02.8    00.2   01.8     18.5    19:43      SW
15    22.2    29.2   17:13    15.7   06:42     00.0     03.9    00.0   02.0     24.1    18:16      SW
16    22.5    28.5   15:31    16.5   05:43     00.0     04.2    00.0   04.1     27.8    15:15      SW
17    23.2    31.1   16:39    15.6   06:17     00.0     04.9    00.0   01.4     18.5    20:50      SW
18    23.5    28.9   15:39    17.4   06:32     00.0     05.2    00.0   05.5     31.5    14:01      E 
19    23.0    28.0   18:22    17.7   06:31     00.0     04.7    00.0   02.4     22.2    01:26      E 
20    23.3    29.8   16:30    17.3   06:35     00.0     05.0    00.0   03.4     27.8    20:37     SSW
21    24.0    31.5   16:29    18.4   05:49     00.0     05.7    00.0   05.0     27.8    23:06      SW
22    22.6    29.1   15:39    17.3   06:04     00.0     04.3    00.0   03.5     27.8    18:43      SW
23    23.0    27.3   13:56    18.9   06:49     00.0     04.7    00.0   04.7     31.5    20:36     SSW
24    22.4    27.9   15:50    15.6   05:47     00.0     04.1    00.0   02.9     31.5    19:18      SW
25    21.3    25.2   18:03    17.7   06:17     00.0     03.0    00.2   01.1     14.8    16:18     NNW
26    22.4    28.4   15:32    16.4   06:17     00.0     04.1    00.0   01.6     18.5    13:38      E 
----------------------------------------------------------------------------------------------------------------------------------------------------------
19.9 (20.1)   31.5  day 21     08.9  day 01   023.6    065.8   043.8   03.1     31.5   day 05     SSW
Max >=  30: 2
Min <=   30: 26
Max Rain: 22.2 ON 6-05-22
Days of Rain: 6 (> .2mm) 4 (> 2mm) 1 (> 20mm)