MONTHLY CLIMATOLOGICAL SUMMARY for JAN. 2022

NAME: Dorno   CITY: Dorno STATE: Italia
ELEV: 97 LAT: 45.1 LONG: 8.9

                            TEMPERATURE ( C), RAIN (mm), WIND SPEED (kmh)

                                               HEAT     COOL           AVG
      MEAN                                     DEG      DEG            WIND                       DOM
DAY   TEMP    HIGH   TIME     LOW    TIME      DAYS     DAYS    RAIN   SPEED    HIGH    TIME      DIR
----------------------------------------------------------------------------------------------------------------------------------------------------------
01    01.5    05.2   14:54   -00.9   06:37     16.8     00.0    00.4   00.0     09.3    00:27      E 
02    02.1    05.8   16:05   -00.7   05:00     16.2     00.0    00.2   00.2     11.1    09:10     WNW
03    02.7    04.8   16:15   -00.3   05:02     15.6     00.0    00.2   00.1     07.4    20:49     ESE
04    04.9    05.5   16:58    04.4   06:38     13.4     00.0    09.6   00.0     05.6    09:42      NE
05    06.0    07.2   22:59    05.2   20:07     12.3     00.0    07.0   02.3     31.5    22:36     NNW
06    04.8    07.7   15:19    01.3   00:00     13.5     00.0    00.0   02.0     18.5    01:37      NE
07    00.5    04.5   15:40   -02.3   07:55     17.8     00.0    00.4   00.2     09.3    14:19      NE
08   -01.8   -00.6   14:25   -03.1   06:50     20.1     00.0    00.2   00.6     13.0    11:37      NW
09   -00.0    04.7   16:15   -02.5   00:23     18.3     00.0    00.0   00.5     11.1    13:59     WSW
10   -01.5    02.1   15:09   -03.4   20:39     19.8     00.0    00.2   01.2     14.8    01:17     WSW
11    01.0    07.8   15:08   -03.6   07:53     17.3     00.0    00.2   00.7     13.0    23:15     WSW
12    01.1    07.0   15:34   -03.9   08:30     17.2     00.0    00.0   00.3     13.0    00:46      NE
13    00.4    07.0   15:44   -03.8   06:10     17.9     00.0    00.0   00.6     11.1    19:31      E 
14    02.6    10.0   15:10   -02.8   08:35     15.7     00.0    00.0   01.2     14.8    12:40      SW
15    03.7    10.8   15:43   -01.4   08:33     14.6     00.0    00.0   00.4     11.1    14:31      NW
16    03.4    10.2   15:37   -01.7   08:37     14.9     00.0    00.2   00.9     13.0    13:36      W 
17    05.0    12.2   15:46   -00.6   05:08     13.3     00.0    00.0   04.2     18.5    14:53      SW
18    03.8    08.7   15:28   -00.1   08:13     14.5     00.0    00.0   01.1     18.5    01:47      SE
----------------------------------------------------------------------------------------------------------------------------------------------------------
02.2 (2.8)   12.2  day 17    -03.9  day 12   289.3    000.0   018.6   00.9     31.5   day 05     WNW
Max <=   0: 1
Min <=   30: 18
Max Rain: 9.6 ON 4-01-22
Days of Rain: 4 (> .2mm) 2 (> 2mm) 0 (> 20mm)